{"id":14,"date":"2020-08-14T14:14:53","date_gmt":"2020-08-14T12:14:53","guid":{"rendered":"http:\/\/ledorga.fr\/?page_id=14"},"modified":"2020-08-20T18:02:28","modified_gmt":"2020-08-20T16:02:28","slug":"a-propos-de-ledorga","status":"publish","type":"page","link":"https:\/\/ledorga.fr\/?page_id=14","title":{"rendered":"A propos de Ledorga"},"content":{"rendered":"\n<p>Notre but est simple : rassembler des gays amateurs de belles automobiles.<\/p>\n\n\n\n<p>L\u2019association Ledorga est n\u00e9e en 1996 du constat suivant : il n\u2019existait pas en France de structure pour accueillir des gays amateurs de belles ou anciennes voitures, mais simplement des clubs r\u00e9gionaux ou nationaux de marques ou de mod\u00e8les. Aussi, il n\u2019\u00e9tait pas toujours \u00e9vident de venir librement et de profiter pleinement de ces activit\u00e9s sans la crainte de certains regards ou r\u00e9flexions parfois peu sympathiques vis \u00e0 vis de notre orientation et de notre vie personnelle. Dans le cas de notre club, pas de jugement sur un autre \u00e9quipage puisque nous sommes tous gays donc beaucoup plus ouvert et libre envers les participants. Nous voulions \u00e9galement prouver qu\u2019\u00eatre gay ne signifie pas forcement \u00eatre fan de soir\u00e9es mondaines urbaines, de tenues excentriques ou de personnes mani\u00e9r\u00e9es, mais nous pouvions aussi \u00eatre des passionn\u00e9s de m\u00e9canique et surtout de belle carrosserie. Ainsi, depuis 1996, nous nous retrouvons r\u00e9guli\u00e8rement dans diff\u00e9rentes r\u00e9gions de France pour des rassemblements \u00e0 la d\u00e9couverte du patrimoine historique, architectural, industriel, gastronomique ou artistique des provinces fran\u00e7aises. Les participants aux sorties viennent de plusieurs pays dont : Les Pays Bas, le Royaume Uni, l\u2019Allemagne, la Belgique, l\u2019Italie, la Suisse, l\u2019Espagne, la France mais aussi Les Etats Unis ou l\u2019Australie.<\/p>\n\n\n\n<p>Depuis 1996 nous avons organis\u00e9 le Happy Way (1996-2012, l\u2019Elegance Cruise (1999-2011), le Rainbow Tour (depuis 2002) ou le Sweet Trip (depuis 2013) qui sont des rassemblements pour des gays amateurs d\u2019automobiles classiques ou d\u2019exceptions. Pour ces sorties pas de discrimination entre les participants vis \u00e0 vis de la motorisation, de la marque, du mod\u00e8le ou autre. Toutes les autos de plus de 25 ans sont les bienvenues : des populaires Citro\u00ebn, Morris, Volkswagen, Austin, Trabant, Daf, Chevrolet (et toutes les autres que nous oublions ici) au plus prestigieuses Rolls Royce, Lincoln, Cadillac, Mercedes-Benz, Spyker\u2026 Bref, que tu sois amateur de berline populaire, de roadster, de coup\u00e9, de cabriolet, de limousine, d\u2019utilitaire et autres v\u00e9hicules, soit le bienvenu et rejoins nous !<\/p>\n\n\n\n<p>Pour que chacun puisse s\u2019identifier au club, le slogan de l\u2019association est simple et facile \u00e0 retenir : LEDORGA &#8211; The Gay Driver\u2019s Team. Alors, tu es gay, tu aimes l\u2019automobile, tu appr\u00e9cies les sorties en voitures, tu veux participer seul ou avec ton conjoint sans arri\u00e8re pens\u00e9e \u00e0 des vir\u00e9es \u00e0 la d\u00e9couverte de la France et tu souhaites trouver un groupe dynamique. La solution est simple : contacte nous et rejoins nous !!<\/p>\n\n\n\n<p>Dominique<\/p>\n","protected":false},"excerpt":{"rendered":"<p class=\"mb-2\">Notre but est simple : rassembler des gays amateurs de belles automobiles. L\u2019association Ledorga est n\u00e9e en 1996 du constat suivant : il n\u2019existait pas en France de structure pour accueillir des gays amateurs de belles ou anciennes voitures, mais simplement des clubs r\u00e9gionaux ou nationaux de marques ou de mod\u00e8les. Aussi, il n\u2019\u00e9tait pas [&hellip;]<\/p>\n","protected":false},"author":1,"featured_media":0,"parent":0,"menu_order":0,"comment_status":"closed","ping_status":"closed","template":"","meta":[],"_links":{"self":[{"href":"https:\/\/ledorga.fr\/index.php?rest_route=\/wp\/v2\/pages\/14"}],"collection":[{"href":"https:\/\/ledorga.fr\/index.php?rest_route=\/wp\/v2\/pages"}],"about":[{"href":"https:\/\/ledorga.fr\/index.php?rest_route=\/wp\/v2\/types\/page"}],"author":[{"embeddable":true,"href":"https:\/\/ledorga.fr\/index.php?rest_route=\/wp\/v2\/users\/1"}],"replies":[{"embeddable":true,"href":"https:\/\/ledorga.fr\/index.php?rest_route=%2Fwp%2Fv2%2Fcomments&post=14"}],"version-history":[{"count":4,"href":"https:\/\/ledorga.fr\/index.php?rest_route=\/wp\/v2\/pages\/14\/revisions"}],"predecessor-version":[{"id":150,"href":"https:\/\/ledorga.fr\/index.php?rest_route=\/wp\/v2\/pages\/14\/revisions\/150"}],"wp:attachment":[{"href":"https:\/\/ledorga.fr\/index.php?rest_route=%2Fwp%2Fv2%2Fmedia&parent=14"}],"curies":[{"name":"wp","href":"https:\/\/api.w.org\/{rel}","templated":true}]}}