{"id":15,"date":"2020-08-14T14:14:53","date_gmt":"2020-08-14T12:14:53","guid":{"rendered":"http:\/\/ledorga.fr\/?page_id=15"},"modified":"2023-11-13T18:38:32","modified_gmt":"2023-11-13T17:38:32","slug":"les-projets","status":"publish","type":"page","link":"https:\/\/ledorga.fr\/?page_id=15","title":{"rendered":"Dans les phares"},"content":{"rendered":"\n<p>Voici la liste des \u00e9v\u00e8nements \u00e0 venir :<\/p>\n\n\n\n<h2 class=\"has-text-align-center\"><strong>SWEET TRIP<\/strong> 2024<\/h2>\n\n\n\n<div class=\"wp-block-columns\">\n<div class=\"wp-block-column\" style=\"flex-basis:66.66%\">\n<figure class=\"wp-block-image size-large\"><img loading=\"lazy\" width=\"717\" height=\"514\" src=\"http:\/\/ledorga.fr\/wp-content\/uploads\/2023\/09\/bandeau_ST2024.jpg\" alt=\"\" class=\"wp-image-1524\" srcset=\"https:\/\/ledorga.fr\/wp-content\/uploads\/2023\/09\/bandeau_ST2024.jpg 717w, https:\/\/ledorga.fr\/wp-content\/uploads\/2023\/09\/bandeau_ST2024-300x215.jpg 300w\" sizes=\"(max-width: 717px) 100vw, 717px\" \/><figcaption><a href=\"https:\/\/ledorga.fr\/?page_id=1454\" data-type=\"URL\" data-id=\"https:\/\/ledorga.fr\/?page_id=1454\"><sub>&lt; Clique sur l&rsquo;image pour acc\u00e9der au descriptif ><\/sub><\/a><\/figcaption><\/figure>\n<\/div>\n\n\n\n<div class=\"wp-block-column\" style=\"flex-basis:33.33%\">\n<p><strong>Du\u00a0<strong>19 au 22 avril 2024<\/strong><\/strong><\/p>\n\n\n\n<p>Lieu : Seine Maritime<\/p>\n<\/div>\n<\/div>\n\n\n\n<p><\/p>\n","protected":false},"excerpt":{"rendered":"<p class=\"mb-2\">Voici la liste des \u00e9v\u00e8nements \u00e0 venir : SWEET TRIP 2024 Du\u00a019 au 22 avril 2024 Lieu : Seine Maritime<\/p>\n","protected":false},"author":1,"featured_media":0,"parent":0,"menu_order":0,"comment_status":"closed","ping_status":"closed","template":"","meta":[],"_links":{"self":[{"href":"https:\/\/ledorga.fr\/index.php?rest_route=\/wp\/v2\/pages\/15"}],"collection":[{"href":"https:\/\/ledorga.fr\/index.php?rest_route=\/wp\/v2\/pages"}],"about":[{"href":"https:\/\/ledorga.fr\/index.php?rest_route=\/wp\/v2\/types\/page"}],"author":[{"embeddable":true,"href":"https:\/\/ledorga.fr\/index.php?rest_route=\/wp\/v2\/users\/1"}],"replies":[{"embeddable":true,"href":"https:\/\/ledorga.fr\/index.php?rest_route=%2Fwp%2Fv2%2Fcomments&post=15"}],"version-history":[{"count":18,"href":"https:\/\/ledorga.fr\/index.php?rest_route=\/wp\/v2\/pages\/15\/revisions"}],"predecessor-version":[{"id":1544,"href":"https:\/\/ledorga.fr\/index.php?rest_route=\/wp\/v2\/pages\/15\/revisions\/1544"}],"wp:attachment":[{"href":"https:\/\/ledorga.fr\/index.php?rest_route=%2Fwp%2Fv2%2Fmedia&parent=15"}],"curies":[{"name":"wp","href":"https:\/\/api.w.org\/{rel}","templated":true}]}}